{"id":15,"date":"2015-09-15T11:39:05","date_gmt":"2015-09-15T11:39:05","guid":{"rendered":"https:\/\/asesoriaimssconstruccionycursos.mx\/SIROC-IMSS-2023\/?page_id=15"},"modified":"2015-09-15T11:39:05","modified_gmt":"2015-09-15T11:39:05","slug":"block-variations","status":"publish","type":"page","link":"https:\/\/asesoriaimssconstruccionycursos.mx\/SIROC-IMSS-2023\/block-variations\/","title":{"rendered":"Block Variations"},"content":{"rendered":"<div class=\"g-grid\">\n<div class=\"g-block box1 size-33-3\">\n<div class=\"g-content\">\n<h3>Box 1<\/h3>\n<p>Lorem <strong>ipsum dolor<\/strong> sit amet, <a href=\"\">consecetur<\/a> adipiscing elit <em>donec sit<\/em> amet nibh.<\/p>\n<p><a class=\"button\" href=\"\">Read More<\/a>\n    <\/div>\n<\/p><\/div>\n<div class=\"g-block box2 size-33-3\">\n<div class=\"g-content\">\n<h3>Box 2<\/h3>\n<p>Lorem <strong>ipsum dolor<\/strong> sit amet, <a href=\"\">consecetur<\/a> adipiscing elit <em>donec sit<\/em> amet nibh.<\/p>\n<p><a class=\"button\" href=\"\">Read More<\/a>\n    <\/div>\n<\/p><\/div>\n<div class=\"g-block box3 size-33-3\">\n<div class=\"g-content\">\n<h3>Box 3<\/h3>\n<p>Lorem <strong>ipsum dolor<\/strong> sit amet, <a href=\"\">consecetur<\/a> adipiscing elit <em>donec sit<\/em> amet nibh.<\/p>\n<p><a class=\"button\" href=\"\">Read More<\/a>\n    <\/div>\n<\/p><\/div>\n<\/div>\n<div class=\"g-grid\">\n<div class=\"g-block box4 size-33-3\">\n<div class=\"g-content\">\n<h3>Box 4<\/h3>\n<p>Lorem <strong>ipsum dolor<\/strong> sit amet, <a href=\"\">consecetur<\/a> adipiscing elit <em>donec sit<\/em> amet nibh.<\/p>\n<p><a class=\"button\" href=\"\">Read More<\/a>\n    <\/div>\n<\/p><\/div>\n<div class=\"g-block box-grey size-33-3\">\n<div class=\"g-content\">\n<h3>Box Grey<\/h3>\n<p>Lorem <strong>ipsum dolor<\/strong> sit amet, <a href=\"\">consecetur<\/a> adipiscing elit <em>donec sit<\/em> amet nibh.<\/p>\n<p><a class=\"button\" href=\"\">Read More<\/a>\n    <\/div>\n<\/p><\/div>\n<div class=\"g-block box-pink size-33-3\">\n<div class=\"g-content\">\n<h3>Box Pink<\/h3>\n<p>Lorem <strong>ipsum dolor<\/strong> sit amet, <a href=\"\">consecetur<\/a> adipiscing elit <em>donec sit<\/em> amet nibh.<\/p>\n<p><a class=\"button\" href=\"\">Read More<\/a>\n    <\/div>\n<\/p><\/div>\n<\/div>\n<div class=\"g-grid\">\n<div class=\"g-block box-red size-33-3\">\n<div class=\"g-content\">\n<h3>Box Red<\/h3>\n<p>Lorem <strong>ipsum dolor<\/strong> sit amet, <a href=\"\">consecetur<\/a> adipiscing elit <em>donec sit<\/em> amet nibh.<\/p>\n<p><a class=\"button\" href=\"\">Read More<\/a>\n    <\/div>\n<\/p><\/div>\n<div class=\"g-block box-purple size-33-3\">\n<div class=\"g-content\">\n<h3>Box Purple<\/h3>\n<p>Lorem <strong>ipsum dolor<\/strong> sit amet, <a href=\"\">consecetur<\/a> adipiscing elit <em>donec sit<\/em> amet nibh.<\/p>\n<p><a class=\"button\" href=\"\">Read More<\/a>\n    <\/div>\n<\/p><\/div>\n<div class=\"g-block box-orange size-33-3\">\n<div class=\"g-content\">\n<h3>Box Orange<\/h3>\n<p>Lorem <strong>ipsum dolor<\/strong> sit amet, <a href=\"\">consecetur<\/a> adipiscing elit <em>donec sit<\/em> amet nibh.<\/p>\n<p><a class=\"button\" href=\"\">Read More<\/a>\n    <\/div>\n<\/p><\/div>\n<\/div>\n<div class=\"g-grid\">\n<div class=\"g-block box-blue size-33-3\">\n<div class=\"g-content\">\n<h3>Box Blue<\/h3>\n<p>Lorem <strong>ipsum dolor<\/strong> sit amet, <a href=\"\">consecetur<\/a> adipiscing elit <em>donec sit<\/em> amet nibh.<\/p>\n<p><a class=\"button\" href=\"\">Read More<\/a>\n    <\/div>\n<\/p><\/div>\n<div class=\"g-block size-33-3\">\n<div class=\"g-content\">\n<h3>No Variation<\/h3>\n<p>Lorem <strong>ipsum dolor<\/strong> sit amet, <a href=\"\">consecetur<\/a> adipiscing elit <em>donec sit<\/em> amet nibh.<\/p>\n<p><a class=\"button\" href=\"\">Read More<\/a>\n    <\/div>\n<\/p><\/div>\n<div class=\"g-block size-33-3\">\n<div class=\"spacer\"><\/div>\n<\/p><\/div>\n<\/div>\n","protected":false},"excerpt":{"rendered":"<p>Box 1 Lorem ipsum dolor sit amet, consecetur adipiscing elit donec sit amet nibh. Read More Box 2 Lorem ipsum dolor sit amet, consecetur adipiscing elit donec sit amet nibh. Read More Box 3 Lorem ipsum dolor sit amet, consecetur adipiscing elit donec sit amet nibh. Read More Box 4 Lorem ipsum dolor sit amet, [&hellip;]<\/p>\n","protected":false},"author":0,"featured_media":0,"parent":0,"menu_order":0,"comment_status":"closed","ping_status":"closed","template":"","meta":{"footnotes":""},"categories":[],"tags":[],"class_list":["post-15","page","type-page","status-publish","hentry"],"yoast_head":"<!-- This site is optimized with the Yoast SEO plugin v21.7 - https:\/\/yoast.com\/wordpress\/plugins\/seo\/ -->\n<title>Block Variations - Asesor\u00eda y Cursos SIROC IMSS<\/title>\n<meta name=\"robots\" content=\"index, follow, max-snippet:-1, max-image-preview:large, max-video-preview:-1\" \/>\n<link rel=\"canonical\" href=\"https:\/\/asesoriaimssconstruccionycursos.mx\/SIROC-IMSS-2023\/block-variations\/\" \/>\n<meta property=\"og:locale\" content=\"es_MX\" \/>\n<meta property=\"og:type\" content=\"article\" \/>\n<meta property=\"og:title\" content=\"Block Variations - Asesor\u00eda y Cursos SIROC IMSS\" \/>\n<meta property=\"og:description\" content=\"Box 1 Lorem ipsum dolor sit amet, consecetur adipiscing elit donec sit amet nibh. Read More Box 2 Lorem ipsum dolor sit amet, consecetur adipiscing elit donec sit amet nibh. Read More Box 3 Lorem ipsum dolor sit amet, consecetur adipiscing elit donec sit amet nibh. Read More Box 4 Lorem ipsum dolor sit amet, [&hellip;]\" \/>\n<meta property=\"og:url\" content=\"https:\/\/asesoriaimssconstruccionycursos.mx\/SIROC-IMSS-2023\/block-variations\/\" \/>\n<meta property=\"og:site_name\" content=\"Asesor\u00eda y Cursos SIROC IMSS\" \/>\n<meta property=\"article:publisher\" content=\"https:\/\/www.facebook.com\/CapacitacionFiscalyParaConstructoras\/\" \/>\n<meta name=\"twitter:card\" content=\"summary_large_image\" \/>\n<meta name=\"twitter:site\" content=\"@GMcapacitacion1\" \/>\n<meta name=\"twitter:label1\" content=\"Tiempo de lectura\" \/>\n\t<meta name=\"twitter:data1\" content=\"1 minuto\" \/>\n<script type=\"application\/ld+json\" class=\"yoast-schema-graph\">{\"@context\":\"https:\/\/schema.org\",\"@graph\":[{\"@type\":\"WebPage\",\"@id\":\"https:\/\/asesoriaimssconstruccionycursos.mx\/SIROC-IMSS-2023\/block-variations\/\",\"url\":\"https:\/\/asesoriaimssconstruccionycursos.mx\/SIROC-IMSS-2023\/block-variations\/\",\"name\":\"Block Variations - Asesor\u00eda y Cursos SIROC IMSS\",\"isPartOf\":{\"@id\":\"https:\/\/asesoriaimssconstruccionycursos.mx\/SIROC-IMSS-2023\/#website\"},\"datePublished\":\"2015-09-15T11:39:05+00:00\",\"dateModified\":\"2015-09-15T11:39:05+00:00\",\"breadcrumb\":{\"@id\":\"https:\/\/asesoriaimssconstruccionycursos.mx\/SIROC-IMSS-2023\/block-variations\/#breadcrumb\"},\"inLanguage\":\"es\",\"potentialAction\":[{\"@type\":\"ReadAction\",\"target\":[\"https:\/\/asesoriaimssconstruccionycursos.mx\/SIROC-IMSS-2023\/block-variations\/\"]}]},{\"@type\":\"BreadcrumbList\",\"@id\":\"https:\/\/asesoriaimssconstruccionycursos.mx\/SIROC-IMSS-2023\/block-variations\/#breadcrumb\",\"itemListElement\":[{\"@type\":\"ListItem\",\"position\":1,\"name\":\"Inicio\",\"item\":\"https:\/\/asesoriaimssconstruccionycursos.mx\/SIROC-IMSS-2023\/\"},{\"@type\":\"ListItem\",\"position\":2,\"name\":\"Block Variations\"}]},{\"@type\":\"WebSite\",\"@id\":\"https:\/\/asesoriaimssconstruccionycursos.mx\/SIROC-IMSS-2023\/#website\",\"url\":\"https:\/\/asesoriaimssconstruccionycursos.mx\/SIROC-IMSS-2023\/\",\"name\":\"Asesor\u00eda y Cursos SIROC IMSS\",\"description\":\"Brindamos Asesor\u00eda Fiscal y Contable\",\"publisher\":{\"@id\":\"https:\/\/asesoriaimssconstruccionycursos.mx\/SIROC-IMSS-2023\/#organization\"},\"potentialAction\":[{\"@type\":\"SearchAction\",\"target\":{\"@type\":\"EntryPoint\",\"urlTemplate\":\"https:\/\/asesoriaimssconstruccionycursos.mx\/SIROC-IMSS-2023\/?s={search_term_string}\"},\"query-input\":\"required name=search_term_string\"}],\"inLanguage\":\"es\"},{\"@type\":\"Organization\",\"@id\":\"https:\/\/asesoriaimssconstruccionycursos.mx\/SIROC-IMSS-2023\/#organization\",\"name\":\"Asesoria IMSS Construcci\u00f3n Cursos y Capacitaci\u00f3n\",\"alternateName\":\"Asesoria IMSS Construcci\u00f3n\",\"url\":\"https:\/\/asesoriaimssconstruccionycursos.mx\/SIROC-IMSS-2023\/\",\"logo\":{\"@type\":\"ImageObject\",\"inLanguage\":\"es\",\"@id\":\"https:\/\/asesoriaimssconstruccionycursos.mx\/SIROC-IMSS-2023\/#\/schema\/logo\/image\/\",\"url\":\"https:\/\/asesoriaimssconstruccionycursos.mx\/SIROC-IMSS-2023\/wp-content\/uploads\/2023\/08\/asesoria-imss-costruccion.jpg\",\"contentUrl\":\"https:\/\/asesoriaimssconstruccionycursos.mx\/SIROC-IMSS-2023\/wp-content\/uploads\/2023\/08\/asesoria-imss-costruccion.jpg\",\"width\":300,\"height\":300,\"caption\":\"Asesoria IMSS Construcci\u00f3n Cursos y Capacitaci\u00f3n\"},\"image\":{\"@id\":\"https:\/\/asesoriaimssconstruccionycursos.mx\/SIROC-IMSS-2023\/#\/schema\/logo\/image\/\"},\"sameAs\":[\"https:\/\/www.facebook.com\/CapacitacionFiscalyParaConstructoras\/\",\"https:\/\/twitter.com\/GMcapacitacion1\",\"https:\/\/www.linkedin.com\/in\/emmanuel-ramos-g-00b98846\",\"https:\/\/www.youtube.com\/@asesoriaycursosimssconssiroc\"]}]}<\/script>\n<!-- \/ Yoast SEO plugin. -->","yoast_head_json":{"title":"Block Variations - Asesor\u00eda y Cursos SIROC IMSS","robots":{"index":"index","follow":"follow","max-snippet":"max-snippet:-1","max-image-preview":"max-image-preview:large","max-video-preview":"max-video-preview:-1"},"canonical":"https:\/\/asesoriaimssconstruccionycursos.mx\/SIROC-IMSS-2023\/block-variations\/","og_locale":"es_MX","og_type":"article","og_title":"Block Variations - Asesor\u00eda y Cursos SIROC IMSS","og_description":"Box 1 Lorem ipsum dolor sit amet, consecetur adipiscing elit donec sit amet nibh. Read More Box 2 Lorem ipsum dolor sit amet, consecetur adipiscing elit donec sit amet nibh. Read More Box 3 Lorem ipsum dolor sit amet, consecetur adipiscing elit donec sit amet nibh. Read More Box 4 Lorem ipsum dolor sit amet, [&hellip;]","og_url":"https:\/\/asesoriaimssconstruccionycursos.mx\/SIROC-IMSS-2023\/block-variations\/","og_site_name":"Asesor\u00eda y Cursos SIROC IMSS","article_publisher":"https:\/\/www.facebook.com\/CapacitacionFiscalyParaConstructoras\/","twitter_card":"summary_large_image","twitter_site":"@GMcapacitacion1","twitter_misc":{"Tiempo de lectura":"1 minuto"},"schema":{"@context":"https:\/\/schema.org","@graph":[{"@type":"WebPage","@id":"https:\/\/asesoriaimssconstruccionycursos.mx\/SIROC-IMSS-2023\/block-variations\/","url":"https:\/\/asesoriaimssconstruccionycursos.mx\/SIROC-IMSS-2023\/block-variations\/","name":"Block Variations - Asesor\u00eda y Cursos SIROC IMSS","isPartOf":{"@id":"https:\/\/asesoriaimssconstruccionycursos.mx\/SIROC-IMSS-2023\/#website"},"datePublished":"2015-09-15T11:39:05+00:00","dateModified":"2015-09-15T11:39:05+00:00","breadcrumb":{"@id":"https:\/\/asesoriaimssconstruccionycursos.mx\/SIROC-IMSS-2023\/block-variations\/#breadcrumb"},"inLanguage":"es","potentialAction":[{"@type":"ReadAction","target":["https:\/\/asesoriaimssconstruccionycursos.mx\/SIROC-IMSS-2023\/block-variations\/"]}]},{"@type":"BreadcrumbList","@id":"https:\/\/asesoriaimssconstruccionycursos.mx\/SIROC-IMSS-2023\/block-variations\/#breadcrumb","itemListElement":[{"@type":"ListItem","position":1,"name":"Inicio","item":"https:\/\/asesoriaimssconstruccionycursos.mx\/SIROC-IMSS-2023\/"},{"@type":"ListItem","position":2,"name":"Block Variations"}]},{"@type":"WebSite","@id":"https:\/\/asesoriaimssconstruccionycursos.mx\/SIROC-IMSS-2023\/#website","url":"https:\/\/asesoriaimssconstruccionycursos.mx\/SIROC-IMSS-2023\/","name":"Asesor\u00eda y Cursos SIROC IMSS","description":"Brindamos Asesor\u00eda Fiscal y Contable","publisher":{"@id":"https:\/\/asesoriaimssconstruccionycursos.mx\/SIROC-IMSS-2023\/#organization"},"potentialAction":[{"@type":"SearchAction","target":{"@type":"EntryPoint","urlTemplate":"https:\/\/asesoriaimssconstruccionycursos.mx\/SIROC-IMSS-2023\/?s={search_term_string}"},"query-input":"required name=search_term_string"}],"inLanguage":"es"},{"@type":"Organization","@id":"https:\/\/asesoriaimssconstruccionycursos.mx\/SIROC-IMSS-2023\/#organization","name":"Asesoria IMSS Construcci\u00f3n Cursos y Capacitaci\u00f3n","alternateName":"Asesoria IMSS Construcci\u00f3n","url":"https:\/\/asesoriaimssconstruccionycursos.mx\/SIROC-IMSS-2023\/","logo":{"@type":"ImageObject","inLanguage":"es","@id":"https:\/\/asesoriaimssconstruccionycursos.mx\/SIROC-IMSS-2023\/#\/schema\/logo\/image\/","url":"https:\/\/asesoriaimssconstruccionycursos.mx\/SIROC-IMSS-2023\/wp-content\/uploads\/2023\/08\/asesoria-imss-costruccion.jpg","contentUrl":"https:\/\/asesoriaimssconstruccionycursos.mx\/SIROC-IMSS-2023\/wp-content\/uploads\/2023\/08\/asesoria-imss-costruccion.jpg","width":300,"height":300,"caption":"Asesoria IMSS Construcci\u00f3n Cursos y Capacitaci\u00f3n"},"image":{"@id":"https:\/\/asesoriaimssconstruccionycursos.mx\/SIROC-IMSS-2023\/#\/schema\/logo\/image\/"},"sameAs":["https:\/\/www.facebook.com\/CapacitacionFiscalyParaConstructoras\/","https:\/\/twitter.com\/GMcapacitacion1","https:\/\/www.linkedin.com\/in\/emmanuel-ramos-g-00b98846","https:\/\/www.youtube.com\/@asesoriaycursosimssconssiroc"]}]}},"_links":{"self":[{"href":"https:\/\/asesoriaimssconstruccionycursos.mx\/SIROC-IMSS-2023\/wp-json\/wp\/v2\/pages\/15","targetHints":{"allow":["GET"]}}],"collection":[{"href":"https:\/\/asesoriaimssconstruccionycursos.mx\/SIROC-IMSS-2023\/wp-json\/wp\/v2\/pages"}],"about":[{"href":"https:\/\/asesoriaimssconstruccionycursos.mx\/SIROC-IMSS-2023\/wp-json\/wp\/v2\/types\/page"}],"replies":[{"embeddable":true,"href":"https:\/\/asesoriaimssconstruccionycursos.mx\/SIROC-IMSS-2023\/wp-json\/wp\/v2\/comments?post=15"}],"version-history":[{"count":0,"href":"https:\/\/asesoriaimssconstruccionycursos.mx\/SIROC-IMSS-2023\/wp-json\/wp\/v2\/pages\/15\/revisions"}],"wp:attachment":[{"href":"https:\/\/asesoriaimssconstruccionycursos.mx\/SIROC-IMSS-2023\/wp-json\/wp\/v2\/media?parent=15"}],"wp:term":[{"taxonomy":"category","embeddable":true,"href":"https:\/\/asesoriaimssconstruccionycursos.mx\/SIROC-IMSS-2023\/wp-json\/wp\/v2\/categories?post=15"},{"taxonomy":"post_tag","embeddable":true,"href":"https:\/\/asesoriaimssconstruccionycursos.mx\/SIROC-IMSS-2023\/wp-json\/wp\/v2\/tags?post=15"}],"curies":[{"name":"wp","href":"https:\/\/api.w.org\/{rel}","templated":true}]}}